n divisor of 133 and 18158?
7
What is the greatest common factor of 2143915 and 1042?
521
What is the highest common divisor of 16 and 32392?
8
Calculate the highest common factor of 424417 and 7.
7
Calculate the greatest common divisor of 276 and 9678.
6
Calculate the greatest common factor of 4 and 367244.
4
What is the greatest common factor of 158 and 56011?
79
Calculate the greatest common divisor of 24 and 41928.
24
Calculate the greatest common divisor of 205641 and 2628.
657
Calculate the highest common divisor of 98498 and 3434.
34
What is the highest common divisor of 1036 and 2441852?
1036
What is the greatest common divisor of 84790 and 8618?
278
Calculate the greatest common divisor of 5572 and 172.
4
What is the highest common factor of 13425 and 27?
3
What is the highest common factor of 1460972 and 2043?
227
Calculate the highest common factor of 5211 and 999.
27
Calculate the greatest common divisor of 202445 and 190.
95
What is the greatest common divisor of 46435 and 4440?
185
Calculate the highest common divisor of 83360 and 1280.
160
Calculate the greatest common divisor of 54 and 6234.
6
Calculate the greatest common factor of 124 and 45694.
62
What is the greatest common factor of 5058 and 150?
6
Calculate the highest common divisor of 312 and 310089.
39
What is the greatest common factor of 80738 and 7?
7
What is the highest common divisor of 1915 and 91537?
383
Calculate the highest common factor of 89892 and 132.
132
What is the greatest common factor of 4624 and 656?
16
What is the greatest common divisor of 321444 and 108?
36
Calculate the highest common divisor of 499815 and 383.
383
What is the greatest common factor of 240 and 6280?
40
Calculate the highest common factor of 938 and 27272.
14
Calculate the greatest common divisor of 105 and 27630.
15
Calculate the greatest common factor of 1809592 and 8.
8
Calculate the greatest common divisor of 82 and 498478.
82
What is the greatest common divisor of 115206 and 1092?
546
What is the highest common divisor of 2655 and 5760?
45
What is the highest common factor of 680 and 1020?
340
What is the greatest common factor of 399 and 63099?
57
Calculate the highest common factor of 660836 and 11.
11
Calculate the greatest common factor of 1022448 and 21.
21
What is the greatest common factor of 187 and 66113?
17
Calculate the highest common factor of 58700 and 70.
10
What is the highest common divisor of 131808 and 480?
96
What is the highest common divisor of 7611 and 58056?
177
Calculate the greatest common factor of 992 and 960.
32
What is the greatest common factor of 7950167 and 62?
31
What is the highest common factor of 10388 and 32732?
196
Calculate the highest common divisor of 702909 and 9.
9
Calculate the highest common factor of 51 and 7497.
51
Calculate the greatest common divisor of 336 and 480900.
84
Calculate the greatest common divisor of 890 and 62122.
178
Calculate the greatest common factor of 16384 and 4528.
16
What is the highest common factor of 808 and 4696?
8
What is the greatest common factor of 18 and 657?
9
Calculate the greatest common factor of 113036 and 84.
28
Calculate the highest common divisor of 1264 and 12124288.
1264
Calculate the greatest common factor of 30770 and 310.
10
What is the highest common factor of 420 and 98875?
35
What is the highest common divisor of 93304 and 1199?
109
What is the highest common divisor of 4050137 and 26?
13
What is the greatest common factor of 146 and 85702?
146
What is the highest common divisor of 294 and 203?
7
Calculate the greatest common divisor of 28812 and 11760.
588
Calculate the greatest common divisor of 13050 and 450.
450
Calculate the greatest common divisor of 156 and 2496804.
12
Calculate the highest common factor of 778644 and 688.
172
What is the greatest common factor of 1065 and 28455?
15
What is the greatest common divisor of 8908 and 578?
34
Calculate the highest common divisor of 2220 and 19860.
60
Calculate the greatest common factor of 112792 and 184.
184
Calculate the greatest common divisor of 33336 and 468.
36
What is the greatest common factor of 10206 and 154?
14
What is the greatest common divisor of 56 and 6984?
8
What is the greatest common divisor of 18770 and 4810?
10
Calculate the greatest common divisor of 791 and 469.
7
Calculate the highest common divisor of 27 and 23310.
9
Calculate the greatest common factor of 212 and 5297350.
106
Calculate the highest common divisor of 303 and 75043.
101
Calculate the highest common factor of 70 and 3471195.
35
What is the greatest common divisor of 212 and 1444?
4
Calculate the greatest common factor of 93 and 26288.
31
What is the greatest common divisor of 740 and 32?
4
Calculate the highest common factor of 1035 and 16317.
9
Calculate the highest common factor of 187876 and 52.
52
Calculate the highest common factor of 23226 and 686.
98
What is the highest common factor of 50743 and 308?
77
Calculate the greatest common factor of 1028 and 76329.
257
What is the greatest common divisor of 2394 and 1869?
21
What is the greatest common factor of 12 and 124857?
3
Calculate the greatest common divisor of 5355 and 254745.
765
Calculate the highest common divisor of 278 and 504292.
278
What is the highest common divisor of 11300 and 10300?
100
Calculate the greatest common factor of 7791 and 20286.
147
Calculate the highest common divisor of 117 and 35243.
13
Calculate the greatest common divisor of 45 and 13360.
5
What is the greatest common factor of 3213 and 19737?
459
What is the greatest common divisor of 600 and 148?
4
Calculate the greatest common factor of 252 and 1190924.
28
What is the greatest common factor of 148370 and 1295?
185
Calculate the highest common factor of 26878 and 45602.
302
Calculate the greatest common factor of 20 and 153870.
10
Calculate the greatest common divisor of 145 and 1015.
145
Calculate the greatest common factor of 25 and 235565.
5
Calculate the highest common factor of 1524 and 3984.
12
Calculate the highest common divisor of 3555 and 2823855.
1185
What is the greatest common factor of 60283 and 69?
23
What is the highest common factor of 1173 and 1104?
69
Calculate the highest common divisor of 32705 and 25265.
155
What is the greatest common factor of 55833 and 9213?
111
Calculate the greatest common factor of 1160 and 18328.
232
What is the greatest common divisor of 94211 and 91?
13
Calculate the greatest common factor of 6644 and 2684.
44
Calculate the highest common divisor of 2 and 45316.
2
Calculate the highest common divisor of 1512 and 6846.
42
What is the highest common factor of 1875988 and 424?
212
What is the greatest common factor of 5459 and 122?
1
Calculate the highest common divisor of 11250 and 475.
25
What is the highest common factor of 206056 and 645?
43
What is the greatest common divisor of 5459 and 54113?
53
Calculate the highest common factor of 206 and 11742.
206
Calculate the greatest common divisor of 57 and 100871.
19
Calculate the greatest common divisor of 460 and 620.
20
What is the greatest common divisor of 604 and 37750?
302
Calculate the greatest common factor of 170 and 11000.
10
Calculate the greatest common divisor of 17424 and 4617.
9
Calculate the highest common divisor of 179248 and 2584.
136
Calculate the highest common factor of 19779 and 15.
3
Calculate the greatest common divisor of 47856 and 2112.
48
Calculate the greatest common divisor of 546 and 79989.
273
Calculate the highest common divisor of 153 and 316455.
51
What is the greatest common divisor of 891 and 44?
11
Calculate the highest common divisor of 4692 and 2622.
138
Calculate the greatest common divisor of 119 and 33572.
7
Calculate the greatest common factor of 8344 and 1801261.
1043
Calculate the greatest common factor of 1188 and 143.
11
What is the highest common divisor of 126 and 266?
14
What is the greatest common divisor of 13325 and 820?
205
Calculate the greatest common divisor of 33 and 13266.
33
What is the highest common divisor of 154000 and 132?
44
What is the greatest common factor of 25 and 14140?
5
What is the highest common factor of 27686 and 11176?
254
Calculate the greatest common divisor of 11972 and 656.
164
Calculate the greatest common factor of 34